*a + 5*i, -16 = -4*a - i + 75. Calculate the highest common factor of 3 and a.
3
Suppose 194 - 1710 = -4*m + 2*x, 0 = -5*m - 4*x + 1908. Suppose 0 = v + 4*v - m. Let l be v/3 + 2/3. What is the greatest common divisor of l and 208?
26
Let f = 24 - 0. Let l = f - 3. Calculate the highest common factor of 21 and l.
21
Let n = -27 + 57. Let o be 8 - 2/((-4)/(-6)). Let a be o/(15/(-9)) - -48. Calculate the greatest common factor of a and n.
15
Let y(c) = -7*c - 45. Let h be y(-7). Calculate the greatest common divisor of h and 4.
4
Suppose 2*n - 4 = -0*n, -2*z - 5*n = -124. What is the greatest common divisor of z and 361?
19
Let b be (3 - 2) + (1 - 0). Suppose -b*f - 45 = -5*f. Let v be ((-10)/f)/((-2)/36). Calculate the greatest common divisor of 60 and v.
12
Suppose -6*o + 830 = -o. Suppose 3*a - o = -46. Let h be (6 - (-6 - -8)) + 16. What is the greatest common factor of h and a?
20
Let b(m) = -86*m + 6. Let l be b(-1). Calculate the highest common factor of l and 69.
23
Let l(x) = -4*x - x**2 + x**3 + 10*x + 6*x - 8*x**2 - 12. Let r be l(8). Let t(k) = -14*k + 2. Let a be t(-2). What is the greatest common divisor of r and a?
10
Let z be ((-208)/(-40))/(-13) - (-422)/5. Calculate the highest common factor of z and 48.
12
Suppose 0 = 5*g - 3*f - 539, -14*f + 10*f + 200 = 2*g. Calculate the highest common factor of 795 and g.
53
Suppose 4*t = y - 6, 5*y + t - 8 = -t. Suppose -119 = 264*o - 271*o + 35. Calculate the greatest common divisor of y and o.
2
Let l(u) = -u**2 + 2*u + 21. Let m be l(-5). Let c = m - -102. Calculate the greatest common factor of c and 220.
44
Suppose 0 = 2*r - 259 - 583. Suppose -10*h + r + 29 = 0. What is the greatest common factor of h and 180?
45
Let c be 147/(-7 + -5 + 13). Let y = 40 + -19. What is the highest common divisor of y and c?
21
Suppose -4235 = -31*s + 20*s. What is the highest common factor of s and 110?
55
Let o = -56 - -97. Suppose -59 = -5*c + o. What is the highest common factor of c and 10?
10
Let q = 56 + -40. What is the greatest common divisor of q and 64?
16
Suppose 15 = 2*x - 3*a, -5*x + 2*x - 4*a - 20 = 0. Suppose 41 = 5*o - f + 1, x = o - 2*f + 1. Calculate the greatest common divisor of 6 and o.
3
Suppose 0 = -67*y + 66*y + 3. Suppose -i - 3*h + 66 = 0, y*i - 3*h - 146 = h. Calculate the highest common factor of i and 12.
6
Suppose m - 98 = -69*x + 68*x, 3*m = -5*x + 498. What is the greatest common divisor of x and 544?
34
Let f = -2 - -4. Suppose r = -3*i + 8, r + 0*r = -5*i + 14. Suppose 70 = i*y + 2*c, 2*y = -2*y - 3*c + 94. What is the greatest common factor of y and f?
2
Suppose 2*c + 4*d = -c + 64, -5*c + 96 = 4*d. Let w = 80 - 48. Calculate the highest common factor of c and w.
16
Let y(t) = t**2 + 2*t - 1. Let u be y(-3). Let v be -6*((-46)/4 - u). What is the greatest common divisor of 27 and v?
27
Let f(q) = -q**2 + 13*q - 7. Let y be f(6). Suppose -3*g + 95 = 5*l, -9*l - 6 = -6*l. What is the greatest common divisor of y and g?
35
Let l = -2 + 134. Calculate the highest common divisor of 330 and l.
66
Let t = -606 - -1389. Calculate the greatest common factor of 348 and t.
87
Let r(q) = q + 9. Let u be r(-7). Suppose u*f - 5 = f. Suppose -105 = -5*k + 2*k. What is the highest common factor of k and f?
5
Let n be 2 + (-3)/(-6)*-6. Let y be (-3)/n + 135 + -3. Suppose 5*x - 2*j = y, 108 = x + 3*x + 2*j. Calculate the greatest common divisor of 9 and x.
9
Suppose y = 5*k - 14, -4*y = -2*k + 5*k + 10. Suppose -34 = -4*w + 6. Calculate the greatest common divisor of w and k.
2
Suppose 0 = -4*x - 2*o - 92, 0*o - 3*o + 72 = -4*x. Let u = x - -8. Let n = u + 16. What is the greatest common divisor of n and 21?
3
Suppose -4*r - 4 = -4*x - 0, x = -5*r + 31. Suppose 0 = -m - 5, 3*g - x - 26 = -2*m. Calculate the greatest common factor of 70 and g.
14
Let b(u) = -u**3 + 8*u**2 + 11*u - 6. Let g be b(9). Suppose 15*z - 21*z + 648 = 0. Calculate the highest common factor of z and g.
12
Suppose -12*d + 800 = -2*d. Suppose 203 = 3*m - 5*k - d, -3*k = 2*m - 176. Calculate the highest common factor of m and 13.
13
Let p(x) = -4*x**2 + 92*x - 137. Let l(h) = h**2 - 23*h + 34. Let c(g) = -9*l(g) - 2*p(g). Let z be c(19). What is the highest common divisor of z and 11?
11
Suppose h + 3*h - 88 = 0. Calculate the greatest common divisor of 198 and h.
22
Suppose 64*x = 116*x - 468. Calculate the highest common divisor of x and 21.
3
Suppose 0 = -2*j + 3*r + 9, -3*j - r + 34 = 4. Suppose 0 = -j*g + 11*g - 16. What is the greatest common factor of 32 and g?
8
Let w be (3/(-21))/((-27)/3213). Let a = -5 - -22. What is the greatest common factor of w and a?
17
Let a(g) = -16*g - 15. Let u be a(-6). Let s be 15/((u/(-6))/9). Let h be ((-4)/s)/((-3)/(-45)). Calculate the greatest common factor of 30 and h.
6
Suppose 8*q = 15*q - 546. Calculate the highest common factor of 54 and q.
6
Let s(w) = -w**3 + 2*w**2 + 2*w + 3. Let h be s(3). Let q(x) = -5*x + 10. Let j be q(h). Calculate the highest common divisor of 5 and j.
5
Let u = 1910 - 1712. What is the highest common factor of u and 330?
66
Suppose -3*v - 10 = f, 14*f - 10*f - 45 = 5*v. Calculate the highest common factor of 335 and f.
5
Let s = -934 - -952. Let m(g) = -3*g - 15. Let p be m(-11). Calculate the highest common factor of p and s.
18
Suppose -4*q - 6 = 2*z - 26, 3*z + q - 10 = 0. Suppose 5*i = r - 126, 0 = -2*r - z*r - 2*i + 460. Calculate the highest common factor of r and 29.
29
Let i(n) = n**2 - 19*n - 11. Let o be i(-11). Let l be 1/(-2) + 295/10. What is the greatest common factor of l and o?
29
Suppose 19*r - 6208 + 489 = 0. Calculate the greatest common divisor of r and 129.
43
Suppose -2*k + 5*m + 124 = 0, -k - 63 = -2*k + 3*m. Calculate the greatest common divisor of 38 and k.
19
Suppose 33*a - 4 = 29*a. Let h = a - -4. Suppose h = 7*g - 9. Calculate the highest common divisor of g and 14.
2
Suppose -8 - 7 = -5*y, 3*k = -2*y + 669. What is the highest common divisor of 26 and k?
13
Suppose 3*f + 16*c - 507 = 11*c, 169 = f - c. What is the greatest common divisor of 26 and f?
13
Suppose -4 + 18 = a. Suppose -4*q + 130 = -2*q. Let n = q + -30. What is the highest common divisor of n and a?
7
Let y(a) = -2*a - a**3 - a + 8*a**2 + 6*a - 2*a**2. Let c be y(5). Suppose -3*q - c = -8*q. Calculate the greatest common divisor of q and 12.
4
Let f(g) = -2*g - 1. Let d be f(-3). Suppose 0*c + 10 = 5*c, -u - 4 = -d*c. Calculate the greatest common divisor of u and 2.
2
Let f be -1 + 1 + 3 + -12. Let z be (-1 + -2)/(f/75). Let d(l) = -9*l + 1. Let m be d(-1). What is the highest common factor of m and z?
5
Let x be 27/6*(-20)/(-9). Calculate the highest common factor of 50 and x.
10
Suppose 4*p + 4*x = 220, -2*p + 4*x = -0*p - 140. Let f(r) = -r**3 + 7*r**2 - 3*r - 3. Let l be f(6). Calculate the highest common factor of l and p.
15
Let p be (-6 - 6/7)/(16/(-56)). Suppose 72 = -0*r + 2*r. What is the greatest common divisor of p and r?
12
Let b = 5787 - 5779. Let l(w) = 8*w - 5. Let u be l(5). Let s = 123 - u. What is the highest common divisor of b and s?
8
Suppose 195 - 819 = -39*p. What is the highest common divisor of p and 112?
16
Let c = 10 - 10. Suppose 2 = -2*s, c*g + 4*s + 704 = 5*g. Calculate the greatest common divisor of 56 and g.
28
Suppose 27 = 3*k - 5*y, -5*k + 4*y + 35 = -y. Let m = 157 - 149. What is the greatest common factor of m and k?
4
Let t be -3 - -2 - 24/6. Let m = 9 - t. What is the greatest common factor of m and 14?
14
Suppose 5*r = 2*r. Let o = r + 28. Calculate the greatest common divisor of o and 84.
28
Let h = 0 + 3. Let p(y) = -y**3 + 8*y**2 + 4*y**3 + 7*y + 6*y**2 - 2*y**h + 5. Let s be p(-12). Calculate the highest common factor of 19 and s.
19
Suppose 24*z - 27*z + 97 = 2*g, z + 3*g = 30. Let n = -56 - -320. Calculate the greatest common factor of z and n.
33
Suppose 3 = g - 0*g. Suppose g*w + 1250 = -2*w. Let d be ((-4)/(-5))/((-20)/w). What is the greatest common factor of 10 and d?
10
Let o be (-2 + 4 + -43 - -7)/(-1). Calculate the greatest common factor of o and 51.
17
Let r = -176 + 191. Let o(a) = -a**2 - a + 1. Let l be o(-2). Let m = l + r. What is the highest common divisor of 56 and m?
14
Let w(v) = -3*v - 5. Let s be w(13). Let z = -29 + -38. Let i = s - z. What is the highest common divisor of 2